{"id":1224,"date":"2019-10-29T00:54:19","date_gmt":"2019-10-29T00:54:19","guid":{"rendered":"https:\/\/www.puravidamotorbike.com\/site\/?page_id=1224"},"modified":"2019-11-18T19:55:07","modified_gmt":"2019-11-18T19:55:07","slug":"vuestro-guia","status":"publish","type":"page","link":"https:\/\/www.puravidamotorbike.com\/site\/es\/vuestro-guia\/","title":{"rendered":"Vuestro Guia"},"content":{"rendered":"<div class=\"idiotez\"><\/div>\n<div class=\"contenedor1\">\n<div class=\"delimitador1\">\n<div class=\"space\"><\/div>\n<div class=\"titulos\" id=\"costarica\">Vuestro Gu\u00eda<\/div>\n<div class=\"lista5\">\n<ul>\n<li>\n<p>S\u00e9bastien, nuestro gu\u00eda, le dar\u00e1 la bienvenida a su llegada al aeropuerto tanto para coordinar excursiones como alquileres. \u00c9l ser\u00e1 tu guia a lo largo de todos los tours.<\/p>\n<p>Con cuatro a\u00f1os de experiencia en Costa Rica, El estar\u00e1 encantado de compartir sus conocimientos sobre el pa\u00eds, la cultura, el idioma, la fauna y la flora.<\/p>\n<p>Dentro de su experiencia con el mundo del motociclismo, es un veterano del Enduro, participando en muchas competiciones de Enduro en Francia y Costa Rica. Ha participado en eventos de motociclismo en otros tres continentes.<\/p>\n<p>Para garantizar su comodidad y seguridad, S\u00e9bastien habla Franc\u00e9s, Espa\u00f1ol e Ingl\u00e9s y es un experto en mec\u00e1nica de motocicletas y cuenta con certificado de primeros auxilios.<\/p>\n<\/li>\n<li>\n<p><img decoding=\"async\" src=\"https:\/\/www.puravidamotorbike.com\/site\/wp-content\/uploads\/2019\/05\/Guide-2.jpg\" alt=\"\" width=\"986\" height=\"892\" class=\"aligncenter size-full wp-image-1043\" srcset=\"https:\/\/www.puravidamotorbike.com\/site\/wp-content\/uploads\/2019\/05\/Guide-2.jpg 986w, https:\/\/www.puravidamotorbike.com\/site\/wp-content\/uploads\/2019\/05\/Guide-2-300x271.jpg 300w, https:\/\/www.puravidamotorbike.com\/site\/wp-content\/uploads\/2019\/05\/Guide-2-768x695.jpg 768w\" sizes=\"(max-width: 986px) 100vw, 986px\" \/><\/p>\n<\/li>\n<\/ul>\n<div class=\"space\"><\/div>\n<\/div>\n<\/div>\n<\/div>\n<\/div>\n<\/div>\n<div class=\"idiotez2\"><\/div>\n","protected":false},"excerpt":{"rendered":"<p>Vuestro Gu\u00eda S\u00e9bastien, nuestro gu\u00eda, le dar\u00e1 la bienvenida a su llegada al aeropuerto tanto para coordinar excursiones como alquileres. \u00c9l ser\u00e1 tu guia a lo largo de todos los tours. Con cuatro a\u00f1os de experiencia en Costa Rica, El estar\u00e1 encantado de compartir sus conocimientos sobre el pa\u00eds, la cultura, el idioma, la fauna [&hellip;]<\/p>\n","protected":false},"author":1,"featured_media":0,"parent":0,"menu_order":0,"comment_status":"closed","ping_status":"closed","template":"","meta":{"ngg_post_thumbnail":0,"footnotes":""},"class_list":["post-1224","page","type-page","status-publish","hentry"],"yoast_head":"<!-- This site is optimized with the Yoast SEO plugin v26.5 - https:\/\/yoast.com\/wordpress\/plugins\/seo\/ -->\n<title>Vuestro Guia - Pura Vida Motorbike<\/title>\n<meta name=\"robots\" content=\"index, follow, max-snippet:-1, max-image-preview:large, max-video-preview:-1\" \/>\n<link rel=\"canonical\" href=\"https:\/\/www.puravidamotorbike.com\/site\/es\/vuestro-guia\/\" \/>\n<meta property=\"og:locale\" content=\"en_US\" \/>\n<meta property=\"og:type\" content=\"article\" \/>\n<meta property=\"og:title\" content=\"Vuestro Guia - Pura Vida Motorbike\" \/>\n<meta property=\"og:description\" content=\"Vuestro Gu\u00eda S\u00e9bastien, nuestro gu\u00eda, le dar\u00e1 la bienvenida a su llegada al aeropuerto tanto para coordinar excursiones como alquileres. \u00c9l ser\u00e1 tu guia a lo largo de todos los tours. Con cuatro a\u00f1os de experiencia en Costa Rica, El estar\u00e1 encantado de compartir sus conocimientos sobre el pa\u00eds, la cultura, el idioma, la fauna [&hellip;]\" \/>\n<meta property=\"og:url\" content=\"https:\/\/www.puravidamotorbike.com\/site\/es\/vuestro-guia\/\" \/>\n<meta property=\"og:site_name\" content=\"Pura Vida Motorbike\" \/>\n<meta property=\"article:modified_time\" content=\"2019-11-18T19:55:07+00:00\" \/>\n<meta property=\"og:image\" content=\"https:\/\/www.puravidamotorbike.com\/site\/wp-content\/uploads\/2019\/05\/Guide-2.jpg\" \/>\n<meta name=\"twitter:card\" content=\"summary_large_image\" \/>\n<meta name=\"twitter:label1\" content=\"Est. reading time\" \/>\n\t<meta name=\"twitter:data1\" content=\"1 minute\" \/>\n<script type=\"application\/ld+json\" class=\"yoast-schema-graph\">{\"@context\":\"https:\/\/schema.org\",\"@graph\":[{\"@type\":\"WebPage\",\"@id\":\"https:\/\/www.puravidamotorbike.com\/site\/es\/vuestro-guia\/\",\"url\":\"https:\/\/www.puravidamotorbike.com\/site\/es\/vuestro-guia\/\",\"name\":\"Vuestro Guia - Pura Vida Motorbike\",\"isPartOf\":{\"@id\":\"https:\/\/www.puravidamotorbike.com\/site\/#website\"},\"primaryImageOfPage\":{\"@id\":\"https:\/\/www.puravidamotorbike.com\/site\/es\/vuestro-guia\/#primaryimage\"},\"image\":{\"@id\":\"https:\/\/www.puravidamotorbike.com\/site\/es\/vuestro-guia\/#primaryimage\"},\"thumbnailUrl\":\"https:\/\/www.puravidamotorbike.com\/site\/wp-content\/uploads\/2019\/05\/Guide-2.jpg\",\"datePublished\":\"2019-10-29T00:54:19+00:00\",\"dateModified\":\"2019-11-18T19:55:07+00:00\",\"breadcrumb\":{\"@id\":\"https:\/\/www.puravidamotorbike.com\/site\/es\/vuestro-guia\/#breadcrumb\"},\"inLanguage\":\"en-US\",\"potentialAction\":[{\"@type\":\"ReadAction\",\"target\":[\"https:\/\/www.puravidamotorbike.com\/site\/es\/vuestro-guia\/\"]}]},{\"@type\":\"ImageObject\",\"inLanguage\":\"en-US\",\"@id\":\"https:\/\/www.puravidamotorbike.com\/site\/es\/vuestro-guia\/#primaryimage\",\"url\":\"https:\/\/www.puravidamotorbike.com\/site\/wp-content\/uploads\/2019\/05\/Guide-2.jpg\",\"contentUrl\":\"https:\/\/www.puravidamotorbike.com\/site\/wp-content\/uploads\/2019\/05\/Guide-2.jpg\",\"width\":986,\"height\":892},{\"@type\":\"BreadcrumbList\",\"@id\":\"https:\/\/www.puravidamotorbike.com\/site\/es\/vuestro-guia\/#breadcrumb\",\"itemListElement\":[{\"@type\":\"ListItem\",\"position\":1,\"name\":\"Home\",\"item\":\"https:\/\/www.puravidamotorbike.com\/site\/\"},{\"@type\":\"ListItem\",\"position\":2,\"name\":\"Vuestro Guia\"}]},{\"@type\":\"WebSite\",\"@id\":\"https:\/\/www.puravidamotorbike.com\/site\/#website\",\"url\":\"https:\/\/www.puravidamotorbike.com\/site\/\",\"name\":\"Pura Vida Motorbike\",\"description\":\"Une exp\u00e9rience de ride unique au Costa Rica avec PURA VIDA MOTORBIKE.\",\"potentialAction\":[{\"@type\":\"SearchAction\",\"target\":{\"@type\":\"EntryPoint\",\"urlTemplate\":\"https:\/\/www.puravidamotorbike.com\/site\/?s={search_term_string}\"},\"query-input\":{\"@type\":\"PropertyValueSpecification\",\"valueRequired\":true,\"valueName\":\"search_term_string\"}}],\"inLanguage\":\"en-US\"}]}<\/script>\n<!-- \/ Yoast SEO plugin. -->","yoast_head_json":{"title":"Vuestro Guia - Pura Vida Motorbike","robots":{"index":"index","follow":"follow","max-snippet":"max-snippet:-1","max-image-preview":"max-image-preview:large","max-video-preview":"max-video-preview:-1"},"canonical":"https:\/\/www.puravidamotorbike.com\/site\/es\/vuestro-guia\/","og_locale":"en_US","og_type":"article","og_title":"Vuestro Guia - Pura Vida Motorbike","og_description":"Vuestro Gu\u00eda S\u00e9bastien, nuestro gu\u00eda, le dar\u00e1 la bienvenida a su llegada al aeropuerto tanto para coordinar excursiones como alquileres. \u00c9l ser\u00e1 tu guia a lo largo de todos los tours. Con cuatro a\u00f1os de experiencia en Costa Rica, El estar\u00e1 encantado de compartir sus conocimientos sobre el pa\u00eds, la cultura, el idioma, la fauna [&hellip;]","og_url":"https:\/\/www.puravidamotorbike.com\/site\/es\/vuestro-guia\/","og_site_name":"Pura Vida Motorbike","article_modified_time":"2019-11-18T19:55:07+00:00","og_image":[{"url":"https:\/\/www.puravidamotorbike.com\/site\/wp-content\/uploads\/2019\/05\/Guide-2.jpg","type":"","width":"","height":""}],"twitter_card":"summary_large_image","twitter_misc":{"Est. reading time":"1 minute"},"schema":{"@context":"https:\/\/schema.org","@graph":[{"@type":"WebPage","@id":"https:\/\/www.puravidamotorbike.com\/site\/es\/vuestro-guia\/","url":"https:\/\/www.puravidamotorbike.com\/site\/es\/vuestro-guia\/","name":"Vuestro Guia - Pura Vida Motorbike","isPartOf":{"@id":"https:\/\/www.puravidamotorbike.com\/site\/#website"},"primaryImageOfPage":{"@id":"https:\/\/www.puravidamotorbike.com\/site\/es\/vuestro-guia\/#primaryimage"},"image":{"@id":"https:\/\/www.puravidamotorbike.com\/site\/es\/vuestro-guia\/#primaryimage"},"thumbnailUrl":"https:\/\/www.puravidamotorbike.com\/site\/wp-content\/uploads\/2019\/05\/Guide-2.jpg","datePublished":"2019-10-29T00:54:19+00:00","dateModified":"2019-11-18T19:55:07+00:00","breadcrumb":{"@id":"https:\/\/www.puravidamotorbike.com\/site\/es\/vuestro-guia\/#breadcrumb"},"inLanguage":"en-US","potentialAction":[{"@type":"ReadAction","target":["https:\/\/www.puravidamotorbike.com\/site\/es\/vuestro-guia\/"]}]},{"@type":"ImageObject","inLanguage":"en-US","@id":"https:\/\/www.puravidamotorbike.com\/site\/es\/vuestro-guia\/#primaryimage","url":"https:\/\/www.puravidamotorbike.com\/site\/wp-content\/uploads\/2019\/05\/Guide-2.jpg","contentUrl":"https:\/\/www.puravidamotorbike.com\/site\/wp-content\/uploads\/2019\/05\/Guide-2.jpg","width":986,"height":892},{"@type":"BreadcrumbList","@id":"https:\/\/www.puravidamotorbike.com\/site\/es\/vuestro-guia\/#breadcrumb","itemListElement":[{"@type":"ListItem","position":1,"name":"Home","item":"https:\/\/www.puravidamotorbike.com\/site\/"},{"@type":"ListItem","position":2,"name":"Vuestro Guia"}]},{"@type":"WebSite","@id":"https:\/\/www.puravidamotorbike.com\/site\/#website","url":"https:\/\/www.puravidamotorbike.com\/site\/","name":"Pura Vida Motorbike","description":"Une exp\u00e9rience de ride unique au Costa Rica avec PURA VIDA MOTORBIKE.","potentialAction":[{"@type":"SearchAction","target":{"@type":"EntryPoint","urlTemplate":"https:\/\/www.puravidamotorbike.com\/site\/?s={search_term_string}"},"query-input":{"@type":"PropertyValueSpecification","valueRequired":true,"valueName":"search_term_string"}}],"inLanguage":"en-US"}]}},"_links":{"self":[{"href":"https:\/\/www.puravidamotorbike.com\/site\/wp-json\/wp\/v2\/pages\/1224","targetHints":{"allow":["GET"]}}],"collection":[{"href":"https:\/\/www.puravidamotorbike.com\/site\/wp-json\/wp\/v2\/pages"}],"about":[{"href":"https:\/\/www.puravidamotorbike.com\/site\/wp-json\/wp\/v2\/types\/page"}],"author":[{"embeddable":true,"href":"https:\/\/www.puravidamotorbike.com\/site\/wp-json\/wp\/v2\/users\/1"}],"replies":[{"embeddable":true,"href":"https:\/\/www.puravidamotorbike.com\/site\/wp-json\/wp\/v2\/comments?post=1224"}],"version-history":[{"count":5,"href":"https:\/\/www.puravidamotorbike.com\/site\/wp-json\/wp\/v2\/pages\/1224\/revisions"}],"predecessor-version":[{"id":2041,"href":"https:\/\/www.puravidamotorbike.com\/site\/wp-json\/wp\/v2\/pages\/1224\/revisions\/2041"}],"wp:attachment":[{"href":"https:\/\/www.puravidamotorbike.com\/site\/wp-json\/wp\/v2\/media?parent=1224"}],"curies":[{"name":"wp","href":"https:\/\/api.w.org\/{rel}","templated":true}]}}